 -4*v + 9*v - z = 0. Suppose 7*a = v*a + 344. Is a composite?
True
Let b(j) = 2*j**3 + 4*j**2 + 4*j + 3. Suppose 3*v = 5*a + 40, 0 = 4*v - 3*a - 27 - 8. Is b(v) a composite number?
False
Suppose 0 = -9*d - 784 + 15697. Is d a composite number?
False
Let h(k) = 1774*k - 37. Is h(2) composite?
False
Is (1 - -81345) + 1 + 34 + -38 a composite number?
False
Let k = 256 - 151. Let n = k + 1011. Suppose 5*y - n = -301. Is y a composite number?
False
Let j be 0/4 + (-3 - -5). Suppose -n - 2*y + 111 = 0, 118 + 96 = j*n + 2*y. Is n composite?
False
Suppose -10741 = -6*c + 19457. Is c composite?
True
Suppose -11*a + 10*a + 1 = 0. Suppose -a = -i + 2. Suppose 201 = i*k - 1056. Is k composite?
False
Let o = 26 - 30. Let b(k) = -28*k + 15. Is b(o) prime?
True
Suppose 59240 = 112*g - 104*g. Is g composite?
True
Let j(d) = -14*d**3 - 15*d**2 - 4*d + 5. Is j(-4) a composite number?
False
Let h(c) = -c**2 + 20*c - 56. Let v be h(12). Let n = 1 + -1. Suppose n = -p + 31 + v. Is p a prime number?
True
Let o(y) = 330*y**2 - 2*y + 1. Let r be o(1). Suppose -7*u + 16*u - 4752 = 0. Let p = u - r. Is p prime?
True
Suppose 0 = -3*u + 6, u - 53232 = -0*c - 2*c. Is c a prime number?
False
Suppose -m + 7*m = -12. Let b = m + 79. Is b a composite number?
True
Let z(m) = -m**2 - 7*m + 2. Let f be z(-7). Is 0/(-1) - (2 - (f - -977)) a composite number?
False
Let y(g) be the third derivative of 5*g**2 + 1/6*g**3 + 1/12*g**4 + 0 + 1/6*g**5 + 0*g. Is y(-3) prime?
False
Let t(d) = 19*d**2 + d - 7. Let n(r) = 2*r + 2. Let s be n(-3). Is t(s) composite?
False
Is 42/6 - -4*31 prime?
True
Let o = 1186 + 34. Is 30/(-8) + 3/4 + o a composite number?
False
Let i(s) = 60*s - 7. Let h be i(5). Suppose 6*d - 4963 = 293. Suppose 348 + h = 3*u + f, -4*f - d = -4*u. Is u a composite number?
True
Suppose 5*v + 47 = 5*d - 43, 76 = 5*d + 2*v. Suppose 24*r = d*r + 11048. Is r a composite number?
False
Let l(o) = 14*o**2 + 11*o + 3. Let v = 90 + -95. Is l(v) a prime number?
False
Suppose -15 = -3*d + m + 14, -m + 7 = d. Suppose -4*u = -2*f - 28, -2*u - 8 + 4 = 2*f. Let o = f + d. Is o composite?
False
Let w = -21521 - -30982. Is w a prime number?
True
Suppose 2*n + 28 = 9*n. Is -1434*2*(-1)/n composite?
True
Let j(w) = -w**3 + 4*w**2 + 5*w. Let h be j(5). Suppose h = u + u. Suppose y - 31 - 24 = u. Is y a composite number?
True
Suppose -3*q - 2*q + 5 = 0. Is (-1 + 2)*821/q prime?
True
Is (-14)/8 + (-1274544)/(-64) a prime number?
True
Let h(k) be the second derivative of k**4/12 + 5*k**3/6 - k**2 - k. Suppose -11*o - 64 = 2. Is h(o) prime?
False
Let k(l) be the second derivative of -l**3/6 - 17*l**2/2 - 5*l. Let a be k(-8). Let u = 14 - a. Is u prime?
True
Suppose -2*g - k = 3, 3*g = 2*g - 5*k - 15. Suppose d + 0*d - 2 = g. Is 466 - -6*1/d composite?
True
Let f = 2720 - 1867. Is f a prime number?
True
Let k(s) = s**3 + 4*s**2 - 2*s - 3. Let i be k(-3). Suppose 3070 = -7*g + i*g. Is g a composite number?
True
Suppose -3*o + c + 2*c = 9, -c = -2*o - 3. Suppose 8*r = -o*r + 2648. Is r prime?
True
Is (-3 - -2) + (925 - 17) composite?
False
Let b = -4622 - -15814. Suppose -10*m + b = -2*m. Is m prime?
True
Is (1277 - 5/((-90)/(-12)))*3 a composite number?
True
Suppose 3*v - 2*v + 12 = 2*c, -4*c = 3*v - 4. Is 1270/c*(-42)/(-15) a prime number?
False
Suppose -f = -2*c + 6, -5*f + 12 = -8. Suppose -c*i = -0*i - 3755. Is i a composite number?
False
Is 149*55 + 1 - 5/1 a prime number?
True
Let z = -25 + 27. Suppose -q - 60 = -x + 1765, 3*x - 5465 = -z*q. Is x a composite number?
False
Let q(g) = 3*g - 3. Let n be q(3). Suppose -4*y + 6 = -n. Suppose z = y*m + 328, 0*z - 3*z = -2*m - 991. Is z a prime number?
True
Let z(d) be the second derivative of 1/10*d**5 - d + 0 - 1/2*d**3 - 11/2*d**2 + 1/12*d**4. Is z(5) a prime number?
False
Suppose 5*z - 13956 = -4*x, 2*x + 0*x - 6978 = 5*z. Is x a prime number?
False
Suppose k = 3*r - k - 1, 4 = 2*r + 2*k. Suppose 5*l = 4 + r. Let s(h) = 38*h**2 - 1. Is s(l) prime?
True
Let j(i) = -i - 18. Let h be j(-20). Suppose 5*o + 5379 + 1090 = 3*x, -x - h*o + 2149 = 0. Is x composite?
False
Let q(a) = -a**2 + a + 7. Suppose 0 = -21*r + 24*r. Is q(r) prime?
True
Let m be (-127)/(-8) + 22/176. Suppose 0 = -4*n + m, -1320 = -6*r + 2*r + n. Is r a composite number?
False
Suppose 47976 = 19*d - 66005. Is d a composite number?
True
Suppose -2413 = 8*l - 8277. Is l a prime number?
True
Suppose -2*u = -b + 5*b - 30, -5*u - b = -48. Suppose 0 = -3*z + 17 + 37. Is z/u*(-174)/(-4) a composite number?
True
Let h be (-160 + -19)*14/(-1). Let v = h + -1189. Is v prime?
False
Suppose 3*c + 5*x = -0*c + 12, 3*c = 2*x + 12. Suppose t + 2*s - 4 = c*s, 4*s = 0. Suppose -t*g - 107 + 599 = 0. Is g a composite number?
True
Suppose -4*t = -4*p + 96628, -p + 24141 = -42*t + 37*t. Is p prime?
False
Suppose 0 = 4*g + x - 19990, 0 = -4*g + x + 4*x + 19978. Is g a prime number?
False
Let y(w) = 12*w**2 - 8*w - 145. Is y(-24) a prime number?
True
Let c(s) be the second derivative of s**5/20 - 2*s**4/3 + s**3/6 + s**2/2 + 2*s. Suppose 4*p - 1 = 39. Is c(p) composite?
False
Is 2/28 + (-31336679)/(-154) composite?
True
Suppose 0 = -8*n + 35*n - 11151. Is n composite?
True
Suppose 5*s - 102447 - 92283 = -k, -10 = -2*k. Is s a composite number?
True
Let m(v) = 124*v**2 - 30*v + 1. Is m(-5) a composite number?
False
Suppose -2*d = u - 21025, -9*d - u = -11*d + 21027. Is d prime?
True
Is -1*(-3 + 6) + 2*54397 a composite number?
False
Suppose 2*a + 234 + 7111 = -3*y, -4*a + 5*y - 14657 = 0. Let l = a - -5713. Is l a composite number?
True
Let h(k) = -22*k - 13. Let s be h(11). Let j be s*(10/(-3) + 4). Let p = j - -727. Is p a composite number?
False
Let j = 0 + 11. Let h = 13 - j. Suppose h*b - 6 = -2, -2*b = -g + 955. Is g composite?
True
Is -13 - (-968)/72 - (-270977)/9 a prime number?
True
Let b(o) = 1091*o - 4. Let p be (-7 + 6)*2/(-2). Is b(p) a prime number?
True
Suppose 21*l - 24666 = 13995. Is l prime?
False
Let t(h) = -h**3 - 5*h**2 - h - 11. Let m be t(-5). Let z(k) = 8*k**2 + 15*k + 5. Is z(m) prime?
False
Suppose 3*h = 2*h - 710. Is 1 - (h - -4 - 0) a composite number?
True
Suppose -2*j + 56816 - 21282 = 0. Is j a composite number?
True
Suppose 2*b + 4*b - 12 = 0. Let a(t) = 478*t + 3. Is a(b) composite?
True
Let r(g) = 12*g**3 - 10*g**2 + 14*g - 7. Is r(6) prime?
True
Let q be 714*66/(-60) + 4/10. Let j = q - -1551. Is j composite?
True
Let c(l) = l**3 + 4*l**2 + 2*l - 3. Let w be c(-3). Let g(d) = 3*d + 799. Is g(w) a composite number?
True
Suppose -5*y - i + 29859 = 0, 0 = y - 2*i - 3*i - 5951. Is y composite?
True
Let j = -30 + 21. Let s = 12 + j. Let i(f) = 3*f**3 - 5*f**2 + 5*f + 2. Is i(s) a composite number?
False
Suppose -m - 19444 = -5*m. Is m a composite number?
False
Suppose 5*m - m - 12 = 0, 5*t + 2*m = 16. Suppose -119 = -t*l + 7*a - 2*a, 0 = -2*l + 3*a + 125. Is l a prime number?
True
Suppose -76 = -8*h + 10684. Is h a composite number?
True
Let j be -952 - (-3)/(-12)*4. Let o = -412 - j. Is o composite?
False
Let v(r) = -r**2 + 7*r - 4. Let i be v(6). Suppose 2462 = i*h + 5*m + 269, 2*h - 3*m = 2233. Is h a prime number?
True
Suppose 2*t + 903 = 3215. Let s be (-8)/2 + (t - 4). Suppose 153 = -5*z + s. Is z composite?
False
Let d(k) = 40*k - 1. Let n(f) = -7 + f**2 + 12 + 9*f + 5. Let m be n(-8). Is d(m) a composite number?
False
Suppose 0*w = 4*w + y + 621, 0 = -5*w - y - 775. Let g be -2*(w + 0)/2. Let t = g - 27. Is t composite?
False
Suppose 0 = -3*c - 4*v + 7225, -6*v + 2*v - 4810 = -2*c. Is c prime?
False
Let n(m) = -m**2 - m - 2339. Let l be n(0). Let z = 4288 + l. Is z a composite number?
False
Suppose -o - j + 2 = -0*o, 4*o = 5*j + 17. Suppose 133 = -o*x + 49. Let g = x + 42. Is g a composite number?
True
Let m(n) = 859*n - 1. Let c(i) = -1718*i + 2. Let r(l) = -3*c(l) - 5*m(l). Is r(2) a composite number?
True
Let d(h) be the third derivative of -1/24*h**4 + 0*h - 2/3*h**3 + 0*h**5 + 1/60*h**6 - 2*h**2 + 0. Is d(3) a composite number?
False
Let y(b) = b**3 - 9*b**2 + 9*b - 8. Let d be y(8). Suppose -3*o = 5*p - 43, 5*p + d*o = 5*o + 75. Let n = p - -10. Is n composite?
True
Suppose 4*p - p - 1995 = 0. Let c = 1296 - p. Is c composite?
False
Let x = -2153 + 4580. Is x prime?
False
Is 18237/4 - (-1 - 45/(-36)) a prime number?
False
Let d(f) = -f - 3. Let s be d(-6). S